ed by 22.
21
Let d be (-3)/(2 + 1)*-63. Let f = -30 + d. Suppose 43 = -2*m + 171. What is the remainder when m is divided by f?
31
Let n be ((-57)/12)/(8/(-544)). Suppose -3*p = -n - 238. Calculate the remainder when p is divided by 38.
35
Let a(z) = z**2 - 2*z. Let p be a(3). Let l(j) = -8*j - 14*j**p - 9*j**2 + 15*j**3 - 7 - 5*j + 1. Calculate the remainder when l(11) is divided by 32.
29
Let a be (-4)/10*((-1 - -4) + 2). Let h = 18 - 10. Calculate the remainder when 42 + -1 - (a - -8) is divided by h.
3
Let m = 111 + -29. Suppose 4*u = 2*u + 16, 205 = 5*g + 5*u. Calculate the remainder when m is divided by g.
16
Let f(y) = -2*y**3 - 86*y**2 + 4*y + 218. Calculate the remainder when 212 is divided by f(-43).
28
Suppose -5*n - 5*g = -2255, -2*n - n + g = -1325. Calculate the remainder when n is divided by 114.
102
Suppose x = -2 - 8. Let p(y) = -y**2 - 11*y - 7. Let w be p(x). Suppose n - w*s = -s + 25, -5*s = 10. Calculate the remainder when 118 is divided by n.
13
Let g(b) = 5*b + 1. Let h(s) = s**3 + 99*s**2 - 543*s. Calculate the remainder when h(6) is divided by g(4).
18
Let w be (-12)/20 - (-4 - (-99)/(-15)). Let p(k) = 18*k - 165. What is the remainder when p(w) is divided by 9?
6
Let l be ((-6 - -4) + 3)*(2 + 0). Let d(m) = -19*m - 2. Let c(t) = -36*t - 4. Let p(q) = 6*c(q) - 13*d(q). What is the remainder when p(l) is divided by 13?
12
Let p = 67 - 26. Suppose -169 = 7*k + p. What is the remainder when 5*(-1)/(25/k) is divided by 3?
0
Let l = 166 + -166. Suppose 7*u = -l*u + 105. Suppose 0 = 3*m + 2*m - 440. What is the remainder when m is divided by u?
13
Let d be (-2)/(29/(-9) + 3). Let x = -7 + d. Suppose u + x*f + 48 = 3*u, -u = 3*f - 32. Calculate the remainder when 48 is divided by u.
22
Let v = 36 - 6. Let x = -15434 - -15445. What is the remainder when v is divided by x?
8
Let x(y) = -y**3 + 9*y**2 + 54*y + 247. Calculate the remainder when 197/(0 - (4 + -5)) is divided by x(14).
13
Let n(w) = w**3 + 9*w**2 + 8*w + 17. Let j be (34/(-8))/((-4)/48) - 2. Let h = -57 + j. Calculate the remainder when 46 is divided by n(h).
12
Suppose -2*y = -71 - 19. Let j = -7012 - -7050. What is the remainder when y is divided by j?
7
Let r(w) = -w + 22. Let u be 2/12 + 105/18. Suppose 3*p - s = -1, -2*p + u*s = 4*s + 2. What is the remainder when 40 is divided by r(p)?
18
Let a be ((-1)/(-6) - 26/12) + 2. Suppose 71 = 3*i - 4*h + 6*h, a = -i - 2*h + 17. Calculate the remainder when 106 is divided by i.
25
Suppose 3*j = 20*n - 22*n + 19, -5*n + 30 = 4*j. Calculate the remainder when ((-266)/(-6))/(n/6) is divided by 9.
7
Suppose -960 = 8*a - 2408. Let z = -274 + 601. Let v = z - a. What is the remainder when v is divided by 37?
35
Let f = 1984 + -1304. What is the remainder when 329 is divided by 294/10 + (f/50 - 13)?
29
What is the remainder when 1360 is divided by (190/(-4))/((-1745)/1396)?
30
Let r = 134 - 123. Suppose r*k - 313 = 50. What is the remainder when k is divided by 10?
3
Let d = 3107 - -2391. What is the remainder when d is divided by 25?
23
Suppose 4*i - 2*t - 110 = 0, 30 = 4*i - 3*i + 2*t. Suppose -171*p + 16498 = -2850 - 3395. Calculate the remainder when p is divided by i.
21
Let p(z) = 31*z**2 - 1. Suppose 2*s = 3*v + 15, -3*v - 2*v = -s + 25. Suppose 68*o - 28*o - 4760 = s. Calculate the remainder when o is divided by p(-1).
29
Let c(i) = 43*i - 1407. Let t(s) = 5*s**2 + 9*s - 27. Calculate the remainder when t(6) is divided by c(34).
42
What is the remainder when -3*6512/96*13*-4 is divided by 79?
75
Let s be 90*(84/15 - 4). Suppose -5*v = 3*x - 352, -s = v - 3*v + 2*x. Let l = -67 + v. What is the remainder when 46 is divided by l?
2
Let b(j) = -j**3 + 8*j**2 + 12*j - 9. Let z be b(7). Suppose 3*u = -3*q + 7*u + z, -3*u = 3. Suppose s - 17 = -8. What is the remainder when q is divided by s?
4
What is the remainder when 3/(-1)*5180/168*-6 is divided by 274?
7
Calculate the remainder when 10/(-14)*(-310478)/134 is divided by 92.
91
Let c be 29750/51*12/10. Suppose -2*t + c = 2*t. Suppose 7*i - t = 147. What is the remainder when i is divided by 12?
10
Let s(g) = 246*g - 2680. What is the remainder when 1790 is divided by s(11)?
22
Let a = -9256 - -9364. Calculate the remainder when 715 is divided by a.
67
Suppose 144*z + 134802 = 466*z - 24266. Calculate the remainder when z is divided by 84.
74
Let n(h) = -41*h + 814. Calculate the remainder when 238 is divided by n(19).
28
Let t(s) = -5*s**2 - 110*s + 1480. Let o = 4 + -2. Suppose -43 = -o*m + m. What is the remainder when t(-31) is divided by m?
42
Let y = -19 - -112. Suppose -483 = -4*r + y. Let i = r + -103. Calculate the remainder when i is divided by 9.
5
Let h(u) be the third derivative of -u**6/120 - 17*u**5/60 + 5*u**4/8 + 7*u**3/6 - 16*u**2. Calculate the remainder when 243 is divided by h(-18).
60
Let y(a) = a**2 - 6*a + 9. Let j be y(5). Suppose 0 = 2*i - 92 + j. Suppose -n + 2 = -22. What is the remainder when i is divided by n?
20
Let a(c) = -c**3 + 9*c**2 - 7*c - 9. What is the remainder when (-2 - -59) + 12 - -9 is divided by a(7)?
38
Let h = 72 - 64. Suppose 2*x = 2*v - h, -x - 20 = -5*v + 2*x. Suppose -3*y = -y + 2*z - 32, -5*y + v*z = -35. What is the remainder when y is divided by 4?
3
Let g = -47 - -52. Let k be -1 + 6 + (-3 + 2)*-2. Let a = k - g. What is the remainder when 7 is divided by a?
1
Suppose 5*a - 193 = -3*n, -3*a + 113 = -797*n + 796*n. Calculate the remainder when 870 is divided by a.
34
Let a = 841 - 580. Suppose 5*f = 71 - a. Let j = f - -122. What is the remainder when j is divided by 17?
16
Let n = -78 - -131. What is the remainder when n is divided by (-70)/320*4*-8?
4
Let h = 3789 + -3386. What is the remainder when h is divided by 191?
21
Let u(x) = -x**3 + 6*x**2 - 5*x + 3. Let z be u(5). Suppose -q - z*v = -6*v - 190, 760 = 4*q - 2*v. Calculate the remainder when q is divided by 16.
14
Let q = -6851 - -8021. Calculate the remainder when q is divided by 290.
10
Let h be (1833/(-52))/((-6)/8). Suppose -5*q - h = -3*x, -5*x + 100 = -q - 3*q. Calculate the remainder when 69 is divided by 0 + -3*x/(-4).
15
Let z(a) = 9*a + 401. What is the remainder when z(-29) is divided by 5?
0
What is the remainder when 135 is divided by -249*((-3)/(-9))/(10/(8 - 18))?
52
Let c be (-10)/45 + (-3)/((-27)/1226). Suppose -3*z = -166 + c. What is the remainder when 26 is divided by z?
6
Let n be 5/(-2) + 2 + 1749/(-22). Let p = -40 - n. Suppose s = 4*s + x - p, -5*s + 2*x = -63. Calculate the remainder when 193 is divided by s.
11
Calculate the remainder when (-18)/(-15) - ((-9045)/25 + -6) is divided by 108.
45
Suppose 0 = -s - 5*h + 21, -2*h = 4*s + h - 84. Let q(j) = j - 3. What is the remainder when s/(-14)*(-136)/6 is divided by q(12)?
7
Let z(r) = -4*r**3 + 4*r**2 - 5*r - 1. Let i(y) = 3*y**3 - 4*y**2 + 6*y + 2. Let q(t) = -5*i(t) - 4*z(t). Calculate the remainder when 56 is divided by q(-5).
18
Let z(c) = 2805*c**2 - 8*c - 6. Calculate the remainder when z(-1) is divided by 38.
33
Let m be (-1)/1 - 13/(117/(-27)). Suppose -3*i - 4*x = -131, 4*i - m*x = -7*x + 175. What is the remainder when i is divided by 16?
13
Let y(p) = -26*p + 993. Calculate the remainder when y(13) is divided by 25.
5
Suppose 25*y = 131 - 1956. Let h = -15 - y. Calculate the remainder when 343 is divided by h.
53
Let x = 64514 + -64480. Suppose -p + 6*p = 50. What is the remainder when x is divided by p?
4
Let f(l) = 38*l - 870. Calculate the remainder when f(29) is divided by 74.
10
Let q = -9 + 66. Let a(n) = n**3 - 14*n**2 + 47*n + 21. Calculate the remainder when q is divided by a(6).
12
Let g(p) = p**3 + 9*p**2 + 12*p + 50. Suppose m = 5*m - 644. Suppose -3*d + m = 4*t + 7, -3 = -3*t. What is the remainder when d is divided by g(-8)?
14
Suppose 22*w = 3*w + 9215. Suppose -327 - w = -28*j. What is the remainder when 29 is divided by j?
0
Let k(d) = -d**2 + 72. Let c(o) = o**2 - 4*o + 1. Calculate the remainder when c(-6) is divided by k(-6).
25
Suppose -118*w + 1716 = -79*w. Calculate the remainder when 485 is divided by w.
1
Let s(v) be the first derivative of -v**3/6 + 7*v**2 + 13*v + 6. Let p(z) be the first derivative of s(z). What is the remainder when p(-9) is divided by 12?
11
Suppose -32 = -w + 28. Suppose -b + 2 = -11. Suppose -4*g + 112 = 4*f, b*g - 5*f